4
-130312
-384b (base 12) to base 13
-2bac
Convert -6895 (base 16) to base 10.
-26773
Convert -1122131 (base 4) to base 9.
-7842
What is -272 (base 13) in base 2?
-110101111
3124 (base 5) to base 3
120100
1c7 (base 16) to base 7
1220
What is 3038 (base 10) in base 5?
44123
469 (base 11) to base 2
1000101111
What is -64 (base 14) in base 4?
-1120
What is -11100111 (base 2) in base 10?
-231
What is 54133 (base 6) in base 12?
4349
Convert 30541 (base 7) to base 15.
2337
What is -1011243 (base 5) in base 2?
-100000001000000
501 (base 7) to base 5
1441
Convert 14b7 (base 12) to base 9.
3314
Convert 5127 (base 9) to base 7.
13636
Convert 26b2 (base 12) to base 8.
10546
101101 (base 4) to base 9
1457
What is -3213424 (base 5) in base 11?
-37829
Convert 23236 (base 8) to base 10.
9886
4670 (base 8) to base 13
1195
2b0 (base 16) to base 9
844
Convert -1101101110 (base 2) to base 3.
-1012112
-8abd (base 15) to base 6
-344124
What is 77427 (base 8) in base 15?
9990
Convert 100000101 (base 2) to base 8.
405
What is 334 (base 12) in base 16?
1d8
Convert -220 (base 7) to base 4.
-1300
Convert 66a (base 13) to base 10.
1102
-45d (base 14) to base 7
-2346
30103120 (base 4) to base 8
142330
Convert -5125 (base 6) to base 3.
-1112222
-16675 (base 10) to base 5
-1013200
What is -302400 (base 7) in base 4?
-30201213
Convert 25 (base 9) to base 5.
43
Convert -3d2 (base 16) to base 12.
-696
-12980 (base 11) to base 9
-27313
What is -805 (base 12) in base 15?
-522
Convert -233030 (base 4) to base 6.
-21552
Convert 10010221022 (base 3) to base 13.
22250
What is 4c72 (base 13) in base 4?
2222131
What is -27b (base 14) in base 4?
-13311
Convert 12842 (base 12) to base 15.
77ce
Convert 13302 (base 4) to base 3.
200110
Convert -48a (base 11) to base 5.
-4312
11515 (base 7) to base 15
d51
-10b3 (base 14) to base 3
-10222110
-10223001 (base 4) to base 13
-8931
What is 11ca (base 13) in base 15?
b3c
-31210 (base 4) to base 2
-1101100100
73255 (base 8) to base 14
b101
What is -a7c7 (base 14) in base 16?
-713b
What is 1067 (base 13) in base 6?
14322
-13302 (base 4) to base 11
-413
111101010011 (base 2) to base 7
14303
422 (base 13) to base 12
4a8
Convert 853 (base 9) to base 2.
1010111000
What is -954 (base 10) in base 6?
-4230
1000110010110 (base 2) to base 9
6152
-140231 (base 5) to base 13
-278a
-282 (base 14) to base 15
-23b
Convert 9a8 (base 11) to base 7.
3343
Convert -1363 (base 8) to base 7.
-2126
Convert 3721 (base 8) to base 10.
2001
Convert 44465 (base 8) to base 4.
10210311
Convert -126 (base 8) to base 6.
-222
What is 190 (base 12) in base 5?
2002
3342 (base 7) to base 5
14311
7315 (base 8) to base 9
5170
What is -2022131 (base 4) in base 2?
-10001010011101
What is -22124 (base 5) in base 16?
-603
What is -86 (base 14) in base 2?
-1110110
What is 210 (base 11) in base 3?
100101
3731 (base 13) to base 5
222224
-2021001 (base 3) to base 9
-2231
Convert -c10 (base 13) to base 3.
-2210121
What is -130601 (base 7) in base 9?
-36305
-10010000111 (base 2) to base 15
-524
Convert -33573 (base 10) to base 2.
-1000001100100101
-950 (base 10) to base 11
-794
What is 22035 (base 10) in base 12?
10903
Convert -13301 (base 4) to base 15.
-232
74587 (base 9) to base 7
263545
What is 134 (base 12) in base 3?
20211
-332501 (base 6) to base 3
-1102011201
Convert -25707 (base 8) to base 12.
-659b
-700 (base 14) to base 16
-55c
-10003120 (base 4) to base 9
-24684
What is -1389f (base 16) in base 11?
-55146
What is -1022 (base 3) in base 9?
-38
What is -130122 (base 4) in base 7?
-5205
What is -32200 (base 5) in base 13?
-cb4
What is 4d5 (base 15) in base 5?
13400
What is -354 (base 11) in base 12?
-2b2
15402 (base 6) to base 5
40042
Convert -37575 (base 9) to base 10.
-25259
Convert -3906 (base 16) to base 15.
-44d3
152 (base 13) to base 8
354
What is -21002202 (base 3) in base 4?
-1100321
What is 20500 (base 8) in base 16?
2140
What is -42512 (base 6) in base 14?
-2188
What is 2525 (base 6) in base 15?
2be
-13403 (base 6) to base 10
-2091
Convert 7427 (base 8) to base 9.
5262
What is 101001010010 (base 2) in base 7?
10463
What is -104022 (base 5) in base 10?
-3637
Convert 20100100 (base 3) to base 16.
1212
What is 752 (base 11) in base 15?
404
Convert -3002103 (base 5) to base 7.
-254321
-36a5 (base 12) to base 7
-23666
Convert 1010001110 (base 2) to base 15.
2d9
What is -5a0 (base 15) in base 13?
-771
250310 (base 8) to base 14
235c4
Convert -1886 (base 15) to base 3.
-21021100
Convert -6c26 (base 13) to base 9.
-22815
What is -4aaa (base 11) in base 4?
-1213332
20132120 (base 4) to base 15
a442
Convert -1214 (base 7) to base 9.
-552
-200111 (base 3) to base 12
-357
What is ce6 (base 16) in base 10?
3302
What is -4bb7 (base 12) in base 4?
-2012323
Convert 396 (base 10) to base 2.
110001100
-1315 (base 7) to base 9
-617
1e9 (base 15) to base 8
674
Convert 4636 (base 7) to base 14.
88d
What is 1230201 (base 4) in base 16?
1b21
1031131 (base 4) to base 7
20311
Convert 17e (base 15) to base 14.
1a8
Convert 1a92 (base 11) to base 3.
10121212
What is -192c (base 15) in base 9?
-7416
119 (base 15) to base 2
11111001
Convert -1200 (base 9) to base 4.
-31323
What is 26a (base 15) in base 2?
1000100110
What is -2451 (base 9) in base 3?
-2111201
What is -8704 (base 10) in base 16?
-2200
What is -100011010001000 (base 2) in base 11?
-12625
What is 2020021 (base 4) in base 8?
21011
What is -217a (base 14) in base 9?
-7845
What is -79a (base 11) in base 5?
-12311
What is 34c8 (base 13) in base 16?
1d07
What is -539 (base 10) in base 12?
-38b
What is 1d325 (base 14) in base 13?
2800b
What is 21012313 (base 4) in base 9?
56147
-4273 (base 15) to base 16
-36ea
1a973 (base 13) to base 15
106b6
11110111010 (base 2) to base 4
132322
What is -2721 (base 13) in base 5?
-134404
-9228 (base 13) to base 14
-74ad
Convert -1304 (base 9) to base 8.
-1720
5931 (base 10) to base 8
13453
-4004 (base 5) to base 16
-1f8
1ca (base 13) to base 14
19d
Convert 1573 (base 8) to base 7.
2412
Convert 10023 (base 7) to base 14.
c4a
Convert -1232133 (base 4) to base 7.
-26421
-4563 (base 7) to base 4
-121332
Convert 30b (base 13) to base 14.
290
Convert -4260 (base 8) to base 11.
-1742
Convert -2253 (base 11) to base 7.
-11431
-82 (base 15) to base 6
-322
What is 12654 (base 12) in base 14?
9224
Convert 10301 (base 5) to base 6.
3125
What is 12103 (base 4) in base 5?
3103
Convert 1dbc (base 14) to base 11.
4112
-1ce1 (base 16) to base 6
-54121
Convert 251 (base 11) to base 7.
604
What is 41531 (base 9) in base 11?
19655
-355334 (base 6) to base 7
-156301
312200 (base 4) to base 9
4705
What is -120120 (base 4) in base 11?
-1199
What is -3042 (base 5) in base 14?
-205
What is -1101101100011 (base 2) in base 7?
-26304
What is -33 (base 4) in base 2?
-1111
Convert 202221 (base 3) to base 16.
235
Convert 502 (base 6) to base 9.
222
-14703 (base 9) to base 8
-23477
-30c0 (base 14) to base 7
-33330
-33ac (base 16) to base 5
-410403
What is 3033300 (base 4) in base 13?
608a
Convert -42410 (base 8) to base 4.
-10110020
Convert -17655 (base 8) to base 12.
-4839
What is -514 (base 15) in base 11?
-950
What is 32ac (base 13) in base 3?
100200220
Convert -7ab0 (base 14) to base 7.
-116110
What is 51113 (base 6) in base 5?
203431
What is 322 (base 6) in base 10?
122
Convert 11101 (base 3) to base 9.
141
Convert -56227 (base 8) to base 10.
-23703
What is -498 (base 13) in base 10?
-801
What is 1916 (base 11) in base 13?
1156
Convert 40152 (base 9) to base 14.
987a
What is -2329 (base 11) in base 13?
-1511
-111112010 (base 3) to base 10
-9858
-1a5 (base 13) to base 2
-100110000
3ccd (base 15) to base 16
32da
What is 1011 (base 11) in base 6?
10115
What is -101100011 (base 2) in base 9?
-434
-1301 (base 9) to base 7
-2560
334 (base 15) to base 11
5a9
-10010111010110101 (base 2) to base 15
-17e63
What is -259 (base 12) in base 4?
-11211
What is 2013 (base 6) in base 13?
27c
-595 (base 10) to base 14
-307
What is -1001010111 (base 2) in base 7?
-1514
What is 3c63 (base 13) in base 16?
21fc
Convert b04e (base 16) to base 8.
130116
What is -64136 (base 7) in base 2?
-11110111101110
What is -200120200 (base 3) in base 14?
-4d17
What is 33e4 (base 16) in base 14?
4bac
What is 2674 (base 8) in base 13?
88c
What is -1713 (base 9) in base 16?